git of m/((-1)/(59 + -3))?
5
Suppose 18 - 23 = -z. Suppose -5*n + z*x = -270, 2*n + 0*n = -5*x + 129. What is the tens digit of n?
5
Let v = -1540 - -2161. What is the units digit of v?
1
Let k be (-48)/(-21) + 4/(-14). Suppose -5*q + k = 4*o, -4*q = -q - 4*o - 14. Suppose q*m = -0*m + 42. What is the tens digit of m?
2
Let d = 478 + -227. What is the tens digit of d?
5
Suppose 4*b - 28 = 3*n, 3*n + 2*n - 28 = -4*b. Suppose 0 = 5*h - 2*a + b*a - 125, -52 = -2*h - 3*a. What is the tens digit of h?
2
Suppose 2*x - 2*m - 2704 = 0, 95*x - m - 2703 = 93*x. What is the thousands digit of x?
1
Suppose -5*p = -3*d - 10, 3*p + 43 = -2*d + 11. What is the tens digit of 2/d*4*1425/(-6)?
9
Let n(z) = -z - 4. Let f be n(-7). Suppose f*w - 13 + 1 = 0. Suppose -w*t - 230 = -9*t. What is the units digit of t?
6
Suppose -4*u + 3445 = 9*u. What is the hundreds digit of u?
2
Let z(b) = -24*b - 9. Let c = -27 - -21. Let n be z(c). Suppose -n - 89 = -4*r. What is the tens digit of r?
5
Let q(o) = o**3 - 6*o**2 - 15*o + 21. Suppose 13*w + 21 - 138 = 0. What is the hundreds digit of q(w)?
1
Let a(f) = 10*f**2 - 7*f + 9. Let o(q) = -9*q**2 + 6*q - 8. Let n(y) = -6*a(y) - 7*o(y). What is the tens digit of n(-4)?
5
Let x(g) = -g**3 + 10*g**2 + 26*g - 7. Let w be x(12). Suppose 0 = 25*d - w*d - 1392. What is the tens digit of d?
7
Suppose 2*p - 4 = 4*b, 3*p + 2*b + 10 = 6*p. Suppose 4*k = -4*z + 112, -p*k - 128 = -4*z - 0*z. What is the units digit of z?
0
Let f = 2073 - -1045. What is the tens digit of f?
1
Suppose 4*o - 5*h - 14 - 22 = 0, 3*o = -2*h + 4. Suppose 0 = z + 5*m - 4 - 13, o*z = -4*m + 20. What is the units digit of z?
2
Let y(c) = -90*c**3 + 3*c**2 + 5*c - 13. What is the units digit of y(-4)?
5
Let k(v) = 3*v**2 - 12*v - 30. Let x(p) = 4*p**2 - 18*p - 45. Let t(b) = 7*k(b) - 5*x(b). What is the units digit of t(-11)?
0
Suppose 8*b - 6*b = 2*f - 154, -f - 2*b + 74 = 0. What is the tens digit of f?
7
Let n(y) = 244*y**2 + 3*y. Let m be n(-1). Suppose 5*l + u - m - 83 = 0, 4*l + 5*u = 255. What is the units digit of l?
5
Suppose 34 = 5*z + 14. Suppose 3*h + z*p + 22 = -0*h, -5*h - p = 48. What is the tens digit of ((-144)/h)/4*5?
1
Suppose 0 = -4*x + 7*x - 168. Let j be (x/24)/((-1)/(-3)). Suppose 4*z = -q - 5 - 9, 0 = -2*q - z + j. What is the units digit of q?
6
Let d(w) = -w**2 + 16*w + 17. Let k be d(13). Suppose 4 = -j + k. What is the units digit of j?
2
What is the tens digit of 205/10 - 12/8?
1
Let r(c) = 16*c**2 + 6*c. Let y(q) = q**2 + q + 1. Let w(t) = r(t) - 10*y(t). What is the units digit of w(-2)?
2
Let d(y) = -7*y + 19*y**3 + 3 - 7*y + 17*y + 4*y**2. Let m(o) = -20*o**3 - 5*o**2 - 4*o - 4. Let n(v) = -5*d(v) - 4*m(v). What is the units digit of n(-1)?
5
Let f = 2003 - 1052. What is the hundreds digit of f?
9
Suppose 324 = -102*r + 108*r. What is the units digit of r?
4
Let n = -34 + 30. Suppose 0 = -3*z - 15, -2*t + 0*z = -2*z - 76. What is the tens digit of (2 - n - 2) + t?
3
Let g(w) = w**3 - 13*w**2 - 21*w - 25. What is the tens digit of g(16)?
0
Let x(j) = 2*j**2 - 7*j - 2. Let t be x(4). Let o(h) = 0*h + 3*h + 5*h + 7*h + t - h**2. What is the tens digit of o(10)?
5
Suppose -2*z + 21 = -2*t + 7, -4*z + 32 = -5*t. Suppose 38*w - 174 = 37*w. What is the units digit of z/15 - w/(-5)?
5
Let c(d) = 62*d - 29. What is the units digit of c(7)?
5
Suppose -2*q - 2*s + 5 = -7*s, 2*s = -2. Let b be q/(1 - 4 - -1). Suppose b = -2*m + 5*k + 67, 0 = 3*m - 2*m - 5*k - 46. What is the units digit of m?
1
Let h(q) = -q**2 - 6*q - 5. Let f be h(-4). Suppose 2*t = -f*c + 22, 8 = 2*c - 2*t - 0. What is the units digit of ((-2)/c)/((-4)/48)?
4
Suppose 4*u = 2*g - 960, -992 = -2*g - 2*u - 2*u. What is the hundreds digit of g?
4
Suppose -z - 3 = -1. What is the tens digit of (7*(-17 - -3))/z?
4
Suppose -12*y + 7*y = -15. Suppose -5*z - 8 = -l + 19, -4*l - y*z - 7 = 0. Suppose 2*v = -l*c + 110, 4*c = c - 4*v + 166. What is the units digit of c?
4
Suppose 5 = -z + 36. Suppose -5*d + z = -59. What is the tens digit of d/24 - 186/(-8)?
2
Let k = 5782 + -2329. What is the thousands digit of k?
3
Suppose -3*w - 2989 = -4*d, -d - 3*d = 2*w - 2974. What is the units digit of d?
5
Let r(l) = -2*l - 1 + 3 + 3 + 3. Let h be r(7). What is the tens digit of 237/18 - (-1)/h?
1
Let i = 649 + 1368. What is the tens digit of i?
1
Let y(z) = -82*z - 2. Let v be y(-5). Suppose 3*m - v = -0*m. What is the hundreds digit of m?
1
Suppose -2*d - 2*v - 647 + 3735 = 0, -5*d = 3*v - 7712. What is the tens digit of d?
4
Let u(l) = l**2 + 2*l - 3. Let c be u(-4). Suppose g - c*p - 49 = 0, 0 = -5*g + 3*p + 361 - 72. Let y = -39 + g. What is the tens digit of y?
2
Suppose 0 = b - 384 - 665. What is the hundreds digit of b?
0
Let q(j) = 59*j**2 + 2*j + 2. Let y be q(-1). Let r = 5 + -3. Suppose r*p - y - 154 = -5*z, 0 = 2*z - p - 87. What is the tens digit of z?
4
Let g = -64 + 123. Let v = g + -11. What is the tens digit of v?
4
Let t(w) = w**3 + 21*w**2 - 59*w - 40. What is the units digit of t(-23)?
9
Let q be ((-8)/(-10))/(5336/890 - 6). Let o = -84 - q. What is the units digit of o?
4
Suppose -4*j + 3*d + 316 + 805 = 0, -4*j = 2*d - 1126. What is the units digit of j?
1
Let f(k) = 431*k + 4. What is the hundreds digit of f(6)?
5
Suppose -2*z - 7*z + 4113 = 0. What is the hundreds digit of z?
4
Suppose 40792 = -18*d + 153940. What is the thousands digit of d?
6
Let q = -3 - -7. Suppose -3*x = -4*a + 47, -37 = -q*a - x + 2*x. Suppose 92 = -4*v + a*v. What is the units digit of v?
3
Suppose 219 = 6*s - 3*s. Let k = s + -35. What is the units digit of k?
8
Suppose 0 = 4*i + 3 - 43. Suppose -5*x + i*x = 180. Let d = 7 + x. What is the units digit of d?
3
Let r(q) = -15*q**3 + 4*q**2 - q - 2. Let z be r(2). Let n = -76 - z. What is the units digit of n?
2
Let z(w) = 6 - 13*w + 5*w + 6*w. Let f be z(-2). Suppose -3*l + d + 16 + 46 = 0, -3*d - f = -l. What is the units digit of l?
2
Suppose 4*p = 6*r - 11*r + 5937, -5*p + 3*r + 7375 = 0. What is the units digit of p?
8
Let a(w) = 86*w**2 + 3*w - 2. Let i be a(-2). Let r = i - 191. What is the units digit of r?
5
Suppose -20*d + 60*d = 280. What is the units digit of d?
7
Let g be ((-2)/(-6))/(8/144). Let f be 20/8 + (-3)/g. Let v(k) = 6*k + 6. What is the units digit of v(f)?
8
Suppose -c = -2*k + 8, 6*c - 2*k + 16 = 3*c. What is the units digit of ((455/14)/(-1))/(2/c)?
5
Let b(m) = m**3 - 5*m + 1. Let o be b(-3). Let i = o - -47. What is the units digit of i?
6
Suppose 0 = -24*c + 5930 + 15910. What is the tens digit of c?
1
Let d = -1 - -1. Suppose -47*z + 160 = -39*z. Suppose d*w + w + 19 = m, -4*w = z. What is the units digit of m?
4
Let h(j) = -j - 3. Let u be h(0). Let z(f) = 2*f - 20. Let x be z(8). What is the units digit of 2/(u/(102/x))?
7
Let r(q) = 4*q**2 - 4*q - 3. Let n(g) = g**2 + g - 1. Let s(m) = 2*n(m) + r(m). What is the tens digit of s(-2)?
2
What is the tens digit of (6*(-4)/(-40))/(1/105)?
6
Suppose -27985 - 43231 = -16*m. What is the thousands digit of m?
4
Let d(a) = 343*a + 119. What is the tens digit of d(6)?
7
Let x be -10 - (-3)/1 - (-3)/3. What is the tens digit of 48/(-14)*21/x?
1
Let o(g) = 0*g + 2*g + g + 2*g**2 + 1. Let b(x) = 9*x + 52. Let n be b(-6). What is the units digit of o(n)?
3
Let t = 619 + -119. Suppose 6*s - t + 104 = 0. What is the units digit of s?
6
Let j(k) = -k**3 + k**2 - k - 16. Let h be j(0). What is the tens digit of 12/h - (-179)/4?
4
Let d = 85 + -68. Suppose d*h - 176 = 13*h. What is the tens digit of h?
4
Let w(b) = 5 - b + 0*b - b**2 + 5 - 5*b. Let s be w(-7). Suppose 0*x - s*x = -87. What is the tens digit of x?
2
Suppose -1470 = -2*v - 5*c, 3*v - 5*c = -0*v + 2230. Suppose 6*r + v = 11*r. What is the tens digit of r?
4
Let a be 3542/(-8) + 6/8. Let h = -215 - a. What is the hundreds digit of h?
2
Let g be (-4)/2 - (-32)/8. Suppose -b = g*b - 3. What is the units digit of 51 + -6 - (3 - b)?
3
Let g be (-4)/((-4)/9) - 2. Suppose -22 + g = -5*t. Suppose 5 = k + t. What is the units digit of k?
2
Let d be 257/4 - 1/4. Suppose -3 = 3*x - 12, 2*u = 2*x - 70. Let a = d + u. What is the tens digit of a?
3
Suppose 5*h = 5*y + 35, -3*h - 4*y = -0*y. Suppose 294 = h*r - 194. What is the tens digit of r?
2
Let h = 31 - 19. Suppose -5*v = -5*t + 6 - 31, -2*t - 13 = -3*v. Suppose h = -0*p + 